Suppose -6 + 30 = -4*d - b*g, 4*d = -3*g - 23. Let l(n) = 31*n**2 - 5*n - 13. Is l(d) a composite number?
False
Let i = 26 + 103. Let d = i - 41. Suppose c - 45 = -2*o + d, -2*c - o = -257. Is c prime?
True
Let v(m) be the third derivative of m**6/120 + 11*m**5/60 - 7*m**4/12 + 7*m**3/3 - 10*m**2. Let x be v(10). Suppose 4*o - 1630 = x. Is o a prime number?
False
Suppose -5*r + 5059 = a, 0 = 2*a - 11 + 3. Let n be -2*(-1)/(6/r)*-1. Let b = 503 + n. Is b composite?
True
Let s(w) = -671*w**3 + 9*w**2 + 2*w + 119. Is s(-7) a prime number?
False
Suppose 38544 = w + 3*j, -5*w + 181907 = -3*j - 10759. Suppose -w = -7*t + 50960. Is t composite?
True
Let v be (-3033)/((-4)/4) - (0 - 4). Suppose 3*r - v = 206. Is r composite?
True
Suppose 13826 = -4*d + 176702 + 96232. Is d a prime number?
False
Let t = -522 + 540. Is 18716/6 + 1/t*-6 a composite number?
False
Let i(t) = 10321*t - 18 - 22 + 50 - 18. Is i(1) a composite number?
False
Suppose -2*j = 637 + 4149. Let g = j - -4037. Let b = g - -454. Is b a prime number?
False
Suppose -23*w = g - 25*w - 6841, -5*g + w + 34205 = 0. Is g a prime number?
True
Suppose 0*c - c + 3*l = 7, 0 = 5*c - l + 35. Let t(f) = 29*f - 14. Let y(h) = 27*h - 13. Let v(m) = 5*t(m) - 6*y(m). Is v(c) a composite number?
False
Let t = -27 - -36. Suppose p + 2*k = -438, 0 = -t*p + 4*p + k - 2212. Let h = 663 + p. Is h a prime number?
False
Let l(r) = r**2 + 3*r - 6. Let n be l(2). Suppose -k + 2*w + 2 = 0, n*w - w + 9 = 3*k. Suppose -4*q + 7176 - 1584 = -k*c, 2*q = -5*c + 2803. Is q prime?
True
Suppose -3*c = b + 4, 0 = -6*c + c - 15. Let j = -157 - -161. Suppose -z - b*n - 89 = -825, -j*z + 3007 = -n. Is z prime?
True
Let l be (-1)/((-2)/(-24)*-3). Is -2 - (-2 + l) - -447 - 4 a prime number?
True
Let z(g) = 3*g + 3. Let v(d) = -2*d - 21. Let x be v(-13). Let c be z(x). Suppose -c*m - 877 = -19*m. Is m a composite number?
False
Let w = 45782 + -8475. Is w a composite number?
False
Suppose 8911376 - 18418386 = -32*o + 40455646. Is o a prime number?
False
Let n(t) = 2*t**3 - 25*t**2 + 51*t + 505. Is n(43) a prime number?
False
Let k(g) = -30*g + 97. Let d(m) = m**2 + 37*m + 187. Let x be d(-7). Is k(x) a composite number?
False
Let g(r) = 5*r + 39 - 47 - r. Let o be g(-7). Is (789 + 0)*(-60)/o a composite number?
True
Let j be (-4 - -3) + (13 - -4). Let i(y) = 1576*y + 100. Let u be i(14). Suppose -28*z + u = -j*z. Is z a prime number?
True
Suppose 347*y = -130*y + 16538472 + 14949729. Is y a prime number?
False
Suppose -8 = 4*j, -3*l + 7*l - j - 554470 = 0. Is l a composite number?
False
Let f(h) be the third derivative of 0*h - 43/6*h**3 - 33*h**2 + 1/30*h**5 + 1/6*h**4 + 0. Is f(6) prime?
True
Is -2 + (-3855209)/(-10) - (-69)/690 a composite number?
False
Let n(s) be the third derivative of -53*s**4/24 + 22*s**3/3 - 10*s**2. Let f be n(-9). Suppose 5*g + f = 4*l, g + 667 = 6*l - l. Is l prime?
False
Let g(d) = -d**2 + d + 1. Let f(v) = -107*v**3 - 3*v**2 + 2*v - 22. Let p(h) = f(h) - 3*g(h). Is p(-6) composite?
True
Suppose -56*t + 10435828 = 8536886 - 10576682. Is t prime?
True
Suppose 0 = -262*u + 270*u - 459112. Is u a composite number?
False
Is (-2006787 + (0 - 0))/(133/7 - 22) prime?
True
Let x be 17507/5 - (16/5)/8. Let f = 10100 - x. Is f prime?
True
Let i be (-57726)/46 + ((-14)/2 - 10812/(-1564)). Suppose 3*v - 15 = -0*v. Is 7*i/v*-1 composite?
True
Suppose -10*t + 1658 + 1402 = 0. Is 3569456/t + 1/9 prime?
False
Let d = -323 - -333. Suppose 17552 = -d*u + 56022. Is u composite?
False
Let y be -31*(0 - (2 + -1)). Let z = 325 + -158. Suppose 5*n - 4*a = -2*a + z, n - y = a. Is n a composite number?
True
Let u(p) = 2179*p + 44. Suppose 371*r - 136 = 363*r. Is u(r) composite?
False
Suppose -22*c - 40 = -2*c. Let h be (5 - 11)/(2*c/(-4)). Is 5 + (7380/(-3))/h a prime number?
False
Suppose 1028906 + 4400494 = 120*q. Is q a prime number?
False
Suppose 0*x = 2*x - 4*p + 16, -2*p = -5*x - 8. Suppose x = 4*r - 20 + 8, -3*r = 2*c - 9731. Is c a prime number?
True
Suppose 10*a + 5*n + 217 = 6*a, -3*a - 3*n - 165 = 0. Let d = 59 + a. Is (14*d)/(1 + (-1164)/1172) composite?
True
Let w be (-1 - -7)/((14/(-21))/(-1)). Let p be -2 + 5 + 2*(-3)/6. Suppose -p*u + 47597 = w*u. Is u a prime number?
True
Is ((-2868)/(-108))/(17/215577) prime?
False
Let b = -646 + 1949. Suppose 0 = 3*t - 7*t + 3*z + b, -3*z + 1321 = 4*t. Suppose 6*k - 2*k = t. Is k prime?
False
Let s(u) = 3*u - 44. Let a be s(16). Suppose a*y - 2*o - 1019 = 37111, 4*o + 9529 = y. Is y a prime number?
True
Let n = -18466 - -76989. Is n a composite number?
True
Let g(w) = -w**3 + w + 163. Let m = -55 - -55. Is g(m) a prime number?
True
Suppose -2*b - 5*t + 4*t = -67, -3*b - 3*t = -105. Suppose -430319 = -b*h + 26673. Is h a composite number?
False
Suppose d + 3*u - 158071 = 108949, 3*u = -4*d + 1068035. Is d a composite number?
True
Let d(r) = 23*r**2 - 6*r + 9. Suppose 23*a - 48 = 20*a. Suppose 3*l - a + 4 = 0. Is d(l) prime?
True
Suppose -4619*f - 20997 = -4628*f. Is f a composite number?
False
Let p(f) = 45*f**2 + 28*f - 228. Is p(-85) a composite number?
True
Let b(w) = 9895*w**2 + 79*w - 167. Is b(2) a composite number?
True
Suppose 0 = -45*b + 47*b - 6. Is (b - 96)*49/(-21) composite?
True
Let b = -31476 - -66957. Is b prime?
False
Let a = -102 + 109. Let p(m) = -8 - 3 - a*m**3 - 269*m**2 + 270*m**2 + 13*m. Is p(-6) a composite number?
False
Suppose -1 = -2*i - w, 2*i - 2*w - 3 = -5. Suppose 2*k - 4975 - 209 = 0. Suppose i = 3*a - k - 861. Is a composite?
False
Let c(r) = -1060*r**3 - r**2 + 2. Let w(f) = -2*f**2 + 18*f + 9. Let b be w(9). Suppose -5 = -4*i - b. Is c(i) a prime number?
True
Let g(z) = 408*z**2 - 26*z - 57. Let a be g(-7). Suppose 0 = 5*p + 4*k - 100543, -p - 5*k + a = -0*p. Is p prime?
True
Suppose 4*u + 1235994 = 2*z, 3*u = 5*z - 2370537 - 719476. Is z composite?
True
Suppose 3*c - 7256 = -9*q + 4*q, 5*c = -q + 1460. Suppose -53*n = -70*n + 50337. Let s = n - q. Is s a prime number?
True
Let f(o) = -10*o**2 + 65 - 7*o**2 - 6*o**2 + 28*o**2 + 35*o. Is f(-12) a prime number?
False
Suppose l = 3*l + 4*t + 106, -2*t = 2*l + 102. Let a = 157 + l. Let g = a + 199. Is g a prime number?
True
Let p = -11024 + 24991. Suppose -5*w - 4462 + p = 0. Is w a composite number?
False
Suppose -583 = 2*d - d. Let o = 841 + d. Let g = o - -305. Is g a prime number?
True
Is 12/36 + 29/(696/36369040) a prime number?
True
Let l(p) = 2*p**2 - 6*p - 38543. Let z be l(0). Is z/((-1)/(-2)*16/(-8)) a prime number?
True
Let m = 2962 - 53. Suppose -4*q + 31513 - m = 0. Is q composite?
False
Let f(a) = 3*a**2 + 20*a - 27. Let s be f(-12). Let p = s + -98. Is p composite?
False
Suppose 422*p - 23226 = 415*p. Let d = 6469 - p. Is d a composite number?
True
Is (2/(-6)*1)/(-15 + 16898140/1126545) a prime number?
True
Let d(h) = -2*h**2 + 104*h + 110. Let i(o) = -o**2 + 69*o + 73. Let u(n) = -5*d(n) + 8*i(n). Let p be u(-15). Let a(z) = 497*z - 3. Is a(p) a prime number?
False
Suppose 5*v - 5*t = 55, -5*t = 5*v - v - 35. Suppose -v*p = 3*p - 53027. Is p a composite number?
False
Let q(z) = 548*z**3 - 51*z**2 - 112*z + 19. Is q(10) composite?
False
Suppose -3*a + 84 = -m, 0*m + 84 = 3*a - 2*m. Suppose -x = 6*x - a. Let r(l) = 6*l**3 + 4*l**2 - 2*l + 3. Is r(x) prime?
True
Let x = 90 + -90. Suppose -3*c - u + 10 = x, -c = 3*u - 3 - 3. Suppose -4*g = -2*z - 582, 0*g + c*z = -3*g + 414. Is g a prime number?
False
Let f(w) = -w**3 + 132*w + 372263. Is f(0) a composite number?
False
Let p be (-38)/(-152) + (-118)/(-8). Suppose 5*w - 5080 = -p*w. Is w a prime number?
False
Let l = -71 + 74. Suppose -95 = 2*j - 2261. Suppose -3*h - f = -3224, h - f + l*f = j. Is h composite?
True
Suppose -56*b + 1927081 = 43579 - 153386. Is b a prime number?
True
Let m(w) = 52*w**2 - 3*w + 87263. Is m(0) a prime number?
False
Let y = 222775 + -155742. Is y a prime number?
True
Let q(z) = 126*z**2 + 31*z + 4. Let i(j) = 2*j**2 + 7*j - 20. Let v be i(-5). Is q(v) composite?
False
Suppose -3 = r - 5. Suppose 0 = m - 3*d + 69 - 466, r*d + 1177 = 3*m. Is m prime?
False
Suppose -1823*x + 1844*x = 3700011. Is x prime?
True
Let k = 47 - 42. Suppose k*i + 3*f = 12, -4*i + 10 = -5*f + 30. Suppose i = -v + 5, 0*a + a - 556 = 5*v. Is a composite?
True
Suppose 6*r = -30 + 132. Let h = r + -27. Is (-1)/5 - 11192/h a prime n